f - 343. What is the hundreds digit of m?
1
Let c(r) = -4*r - 5. Let t(j) = -25 + 9 + 11 - 5*j. Let w(l) = -7*c(l) + 6*t(l). What is the tens digit of w(-6)?
1
Suppose 0 = -2*c, -70 = r + 4*c - 516. What is the hundreds digit of r?
4
Let k = 184 - 104. Let w = -45 + k. Suppose -u = -6*u + w. What is the units digit of u?
7
Let v(f) = 2*f**2 - 1. Let q be v(-2). Suppose o + 0 = q. What is the units digit of o?
7
Suppose 7*v - 3354 - 1420 = 0. What is the hundreds digit of v?
6
Suppose 2*o + 168 = 4*n - 120, -2*o - 146 = -2*n. Suppose 0 = -i + 3*y + n, -4*i - y = -2*y - 328. Suppose -8*r + i + 13 = 0. What is the units digit of r?
2
What is the units digit of -3*(-7 + 2 + 8012/(-6))?
1
Let d = 25 + 69. What is the units digit of d?
4
Suppose 0 = f, 3*f = -4*p + 15 + 1. Suppose -p*j + 14 = h - 2, 2*h - 5*j - 45 = 0. What is the tens digit of h?
2
Let o be 0/(0 + 4 - 3). Suppose 4*r + 0*r - 8 = o. Suppose 66 = r*v - 2. What is the units digit of v?
4
Let r = 20 + -17. Suppose 40 = h + r. What is the tens digit of h?
3
Let j = 311 + -166. What is the units digit of j?
5
Suppose 0 = -2*a + 2*k - k + 384, a = 2*k + 186. Let w = 299 - a. What is the units digit of w?
5
Suppose r + 30 = -0*r - x, -r - 12 = -5*x. What is the tens digit of (-20)/90 - 4164/r?
5
Let o(u) = -u**2 - 9*u - 1. Let f be o(-10). Let h(s) = -3*s**2 - s**3 + 8*s + s**2 - 8*s**2 - 2. What is the tens digit of h(f)?
3
What is the tens digit of (416/12)/((-2)/(-12))?
0
Suppose -2*d = -4*a + 78, -d - 119 = -5*a - 17. Let o = a - -6. Let b = o + -7. What is the units digit of b?
0
Let i(n) = n**3 - n - 9. Let z be i(3). Let q(m) = m**3 - 16*m**2 + 22*m + 3. What is the tens digit of q(z)?
0
Let i = -49 + 35. Let d = i + 146. Suppose -8*v + 4*v = -d. What is the units digit of v?
3
Let j(t) = -t**2 + t + 1. Let u = 7 + -7. Suppose u = v + 4*v. What is the units digit of j(v)?
1
What is the hundreds digit of 11985/30 - 1/(-2)?
4
Let z be 32/(-5) - 6/(-15). Let b(k) = 5 + 7*k + 2*k**2 - 3 + k. What is the units digit of b(z)?
6
Let f(q) = 3*q - 14. Let g be f(6). Let w(v) = -7 + 2*v + 4*v - g*v. What is the units digit of w(14)?
1
Let f = 12 + -9. Suppose f*v - v - 2 = -b, 5 = 5*v + 5*b. What is the tens digit of (2 + v)/(1/8)?
2
Suppose 4*f + 8 = -4*s - 0*f, -30 = 3*s - 5*f. Let b = s + 6. Let g = 31 - b. What is the units digit of g?
0
Suppose 2*n + 2*n + 3*q = 182, 3*q = -2*n + 88. Suppose -g = -0*g - 80. Let k = g - n. What is the units digit of k?
3
Suppose 2*j + 16 = -2*j, -4*z + 10820 = 2*j. What is the units digit of z?
7
Let j(c) = 3*c**2 + 10*c - 10. Let h be j(-6). Suppose -3*s = -s - h. What is the tens digit of s?
1
Let w = -4 - -12. Let v(p) = -2*p + 14 - 6 + w. What is the units digit of v(-7)?
0
Let d = -91 + 92. What is the units digit of d?
1
Suppose 0*q + 5*q + 5*f - 10 = 0, -5*f = 3*q - 2. Let t be 0/(-1 + q + 0). Suppose t*u + 2*u = 2*n + 38, -4*u + 5*n + 73 = 0. What is the units digit of u?
2
Let s be (-9)/(-18)*32/(-2). Let h be ((-4)/s)/(1/24). What is the units digit of h*((-44)/(-8) - 1)?
4
Let c be 4/(-38) - (-63096)/(-209). Let l = 39 - c. What is the hundreds digit of l?
3
Suppose -14 = -r + 22. Let q be (r/(-8))/(1/(-2)). Suppose -m + 8 = -q. What is the units digit of m?
7
Let c = 3752 - 123. What is the hundreds digit of c?
6
What is the units digit of 1 - 7 - (-15358)/14?
1
Let n(o) = -68*o - 24. Let d(k) = 23*k + 8. Let r(p) = 11*d(p) + 4*n(p). Let w = -81 + 78. What is the tens digit of r(w)?
4
Let q be (-5)/(15/(-6) + 2). What is the units digit of -4 + q + (-1 - -1)?
6
Let b(i) = 3*i - 16. Let g be b(8). Suppose g = 4*f - 0. What is the tens digit of 7 - (2 + f) - -32?
3
Let q be 2/2*(-1 - -5). Suppose 0 = -f - 4*g - 2, g = 30*f - 26*f - 77. What is the units digit of f/q*(-30)/(-9)?
5
Let q = 3981 - 2207. What is the units digit of q?
4
Let t = 31 - 82. Let z = -6 - t. What is the units digit of z?
5
Let p(f) = -2*f - 7. Let j be p(3). Let n = 26 + j. Let v = -5 + n. What is the units digit of v?
8
Suppose z - 1028 = -4*s, z + 5*s - 54 = 976. What is the units digit of z?
0
Suppose -9*t + 20 = -5*t. Let i(g) = -9*g**2 - 11*g + 1. Let w(u) = -14*u**2 - 17*u + 2. Let c(d) = t*w(d) - 8*i(d). What is the tens digit of c(-3)?
1
Let v(p) = 847*p + 22. What is the units digit of v(2)?
6
Let b(j) = -j**3 + 2*j**2 + 11*j + 13. Let f be b(7). Let y = -87 - f. What is the units digit of y?
8
Suppose -3*n + 0*n - 45 = -5*m, 0 = 5*m - 2*n - 40. Suppose 2*o = 4*o - m. Suppose -u = -o - 5. What is the units digit of u?
8
What is the hundreds digit of (1 - 1) + -5 + 386 + -4?
3
Let v(q) = -q**3 - 2*q**2 - 2*q + 2. Let o be v(0). What is the units digit of -2 + -4 + o + 83?
9
Suppose 0 = 3*p - 3*d + 6, 0*p + 3*p - 5*d + 16 = 0. Suppose -p*b - 4*y + 155 = -45, -2*y = -5*b + 368. What is the tens digit of b?
7
Suppose -3*g = -3*i + 1677, -4*g + 1823 = 5*i - 999. What is the units digit of i?
2
Suppose 6 + 3 = 3*d. What is the hundreds digit of 6*(-175)/(-30)*d?
1
Let p be ((-8)/(-8) + -3)*(-14)/(-4). Let z = p + 79. What is the tens digit of z?
7
Let j(b) = -b**3 - b**2 + 6*b + 8. Let g be j(-2). Let h be 15 - 0*2/(-4). Suppose -2*q - h = -5*x, g*q - 4*q = 5*x + 15. What is the units digit of x?
1
Let q = -109 + 129. What is the units digit of q?
0
Suppose -t = -7*t + 288. Let v = t + -26. What is the units digit of v?
2
Suppose 0*j - 4*j - 32 = -4*k, 4*j - 16 = -2*k. Suppose 12*o = k*o + 72. Let m = o + 0. What is the units digit of m?
8
What is the hundreds digit of 170/(-45) + 4 - (-4060)/36?
1
Let v = -146 + -243. Let z = -240 - v. What is the tens digit of z?
4
Let r(w) = -w**2. Let l(z) = -6*z**2 - 10*z - 7. Let h(d) = -l(d) + 2*r(d). What is the units digit of h(-6)?
1
Let r(f) = f**3 + f - 2. Let g be r(1). Suppose u - 33 = 3*s - 8*s, 3*u + s - 113 = g. What is the units digit of u?
8
Suppose -36 = -3*o + 3*j, 0 = 3*o - 2*o - 3*j - 14. Suppose 3*b - o = 4*b. What is the tens digit of 4/(-22) + (-541)/b?
4
Suppose -4*d - 3 + 23 = 0. Suppose -2*r - n + 6*n = -16, d*r = -3*n + 9. Suppose -2*i + r*u + 16 = 0, 6*i + 2*u = i + 2. What is the units digit of i?
2
What is the hundreds digit of 240 + -1 - (-28)/63*-9?
2
Let f(b) = -11*b + 91. What is the units digit of f(-27)?
8
Suppose 233 = 5*c + 23. Let r = -2 - 25. Let z = r + c. What is the units digit of z?
5
Suppose 0 = 5*u + 2*t - 30, -9 - 10 = -u - 3*t. Suppose 0 = -3*f - u*b + 122, f - 150 = -3*f + b. What is the tens digit of 285/f*4/3?
1
Let c(v) = 3 - 2*v**2 + v - 4*v - 7*v**3 + 6*v + 4. What is the hundreds digit of c(-3)?
1
Suppose -98*l = -88*l - 15790. What is the hundreds digit of l?
5
Let p = 7 + -4. Let c(u) = 2*u + 2 + p + 5*u - 3. What is the units digit of c(2)?
6
Suppose -16*q + 1390 + 274 = 0. Suppose -5*c + q = 4*y - 111, -3*y = -3*c - 195. What is the units digit of y?
0
Let m = 179 - -28. What is the hundreds digit of m?
2
Let x be 47 + (-2)/(-2) - 0. Suppose 989*s = 990*s - 5. Suppose 2*t = -2*w + x, -s*w - t + 103 = 3. What is the tens digit of w?
1
Let s = 2079 - 913. What is the thousands digit of s?
1
Let q be ((-2410)/(-15))/(2/(-3)). Let r = q + 351. Suppose 4*w = -w + r. What is the tens digit of w?
2
Suppose -4*z - 3*h = -5*h - 3564, 5*z - 4457 = 2*h. What is the tens digit of z?
9
Suppose -z - 29 = -88. Let g(w) = 13*w. Let u be g(3). Let i = z - u. What is the units digit of i?
0
Let b = 0 - 50. What is the units digit of (51*b/15)/(-1)?
0
Let y = 23 - 22. What is the units digit of (6/9)/(y/3)?
2
Suppose -t + h + 243 = 0, 3*t - 2*h - 809 + 77 = 0. Suppose 8*u - t = 26. What is the tens digit of u?
3
Suppose 3*h + 0 = 6. Suppose d = h*d. Suppose d = -2*w + 8 + 30. What is the units digit of w?
9
Let x(m) = 21*m - 25. What is the tens digit of x(8)?
4
Suppose 2*b + 1 = -z + b, 5*z = -3*b - 7. Let a = z - -11. What is the units digit of (a/4)/((-5)/(-20))?
9
Let l(c) = -c**3 - 13*c**2 + 6*c - 43. What is the units digit of l(-18)?
9
Let d(s) = 13*s**2 + 9*s**2 + 2 + 8*s**2 + 2*s**2. Let a be d(2). Suppose -l = 4*l - a. What is the tens digit of l?
2
Let a = 7 + 58. What is the units digit of a?
5
What is the thousands digit of (-2 - 0 - (-34)/(-51))*-771?
2
Let c(n) = n**3 + 12*n**2 + 21*n - 5. Let v be c(-9). Let t = 90 - v. What is the units digit of t?
1
Let l(m) = 2*m - 2 - 3